-20. Let a be (-3)/r + (-110)/(-6). Suppose 2 = -2*o + a. What is the highest common divisor of 64 and o?
8
Suppose t = -t + 52. Let b = -14 - -8. Let r = b + t. Calculate the highest common factor of r and 5.
5
Let q be 2 - (-1 + -2 + -1). Suppose -n - 2*n = -q. Suppose -16 - n = -2*u. What is the highest common factor of u and 81?
9
Let x(j) = -5*j + 7. Let y be x(-6). Suppose -5*d - 2 = -y. Suppose -a + 15 = -2*k - 6, -5*a + 105 = 2*k. Calculate the highest common factor of d and a.
7
Let n = 5 - -10. Suppose -5*i - 2*s = -s - 182, -120 = -3*i + 3*s. Let u = i - -8. What is the greatest common factor of n and u?
15
Let v(c) = 4*c**2 + 1. Let u be v(-1). Suppose -2*k = -u*k - 99. Let w = -21 - k. Calculate the greatest common factor of 84 and w.
12
Let v = -5 + 7. Calculate the highest common divisor of v and 2.
2
Let g(i) = -13*i + 4. Let w(h) = -7*h + 2. Let p(c) = -6*g(c) + 11*w(c). Let y be p(3). What is the highest common divisor of y and 9?
1
Suppose -3*u = -7*u + 56. What is the highest common factor of u and 21?
7
Suppose 3*g + 0 = 27. Calculate the highest common factor of 3 and g.
3
Suppose 2*u = 10 + 6. Let a = 77 + -42. Suppose 5*v - 5*m = a, -3*v + 4 = -4*m - 12. What is the greatest common factor of v and u?
4
Let s = 3 - 1. Suppose 5*l = s*l + 57. Let o be (3/(-1))/(9/(-456)). What is the highest common factor of o and l?
19
Suppose 5*m + 13 = 38. Calculate the greatest common factor of 20 and m.
5
Let u be (-15)/(-6)*2/1. Let x be (4/3)/(3/45). Calculate the greatest common factor of u and x.
5
Let z(n) = 12*n**2 + 5*n - 3. Let d be z(3). What is the highest common divisor of d and 30?
30
Let k = -76 - -39. Let i = 102 + k. Calculate the greatest common factor of 13 and i.
13
Let a(g) = -g**3 - 6*g**2 - 9*g - 3. Let l be a(-5). What is the greatest common factor of 17 and l?
17
Suppose -x = -17 - 1. Calculate the greatest common factor of x and 9.
9
Let x be 6/(-15) + 98/(-5). Let f be (-2)/3 - x/3. Let t be 18/(-30)*(-30)/9. Calculate the highest common factor of t and f.
2
Suppose 5*i = s + 122, 5*s = -i - 3*i + 86. Suppose -5*y - 35 = -4*q + 3*q, 25 = 5*y. Calculate the highest common factor of i and q.
12
Let i(f) = f**3 - 8*f**2 - 9*f + 1. Suppose -3*q = -8*q + 45. Let p be i(q). What is the highest common divisor of p and 1?
1
Let p = -109 - -174. Let q(s) = s + 27. Let d be q(-14). Calculate the greatest common factor of p and d.
13
Let k(d) = 2*d**3 - d**2 - 5*d - 2. Let z be k(4). Suppose j - y - 17 = -j, -21 = -3*j + 3*y. Calculate the greatest common divisor of j and z.
10
Suppose -2*s = 2*s - o - 40, o = -5*s + 59. Let h = 142 + -65. What is the greatest common divisor of s and h?
11
Let t(p) = p**2 + p + 160. Let s be t(0). Suppose -5*l = -l - s. What is the greatest common factor of l and 10?
10
Let u(h) = h**2 - 4*h + 2. Let w be u(4). Calculate the highest common divisor of w and 5.
1
Suppose 3*f = 2*z + 70 - 214, 0 = 5*z + 3*f - 381. Calculate the greatest common divisor of 15 and z.
15
Let l(x) = -x**2 + 0 + 0 + 6*x**2 + x**3 + 6. Suppose z + 1 + 4 = 0. Let o be l(z). What is the highest common factor of 6 and o?
6
Let f = -46 + 49. What is the greatest common divisor of f and 1?
1
Let h = 8 + -1. Let w(r) = 2*r**2 - 8*r + 4. Let a be w(5). Calculate the greatest common factor of a and h.
7
Suppose -3*n = -12 - 15. Suppose 0 = 2*r - f - 19, r + 0*r - 32 = -4*f. Suppose -t = t - r. Calculate the greatest common factor of n and t.
3
Suppose 7*q - 4*q - 60 = 3*j, -3*q = 4*j - 46. What is the highest common divisor of 198 and q?
18
Let g = 11 - 18. Let a = 20 + g. Calculate the greatest common factor of 13 and a.
13
Suppose -22 = -5*n - 7. Let j be n/(-5) - 1908/(-30). What is the highest common factor of j and 7?
7
Let j be 1/(-1)*(-12 - -2). Let a = j - 17. Let r = a + 16. What is the greatest common factor of 99 and r?
9
Let t(n) = n**3 + 6*n**2 + 2*n - 9. Let m be t(-4). What is the highest common divisor of 135 and m?
15
Let x be (-5 + 1)/(2/(-12)). Suppose 44 = 2*l + 2*l - 5*u, l - 10 = u. Suppose -15 = -l*k + k. What is the greatest common factor of x and k?
3
Suppose -4*h + 165 = 4*p - 271, h = -5*p + 557. What is the greatest common divisor of 14 and p?
14
Let k be -26 - (-12)/4 - -2. Let r be (-6)/(-9) + (-217)/k. Calculate the greatest common factor of r and 121.
11
Let x be 39 - 13 - (-1)/1. What is the greatest common factor of x and 18?
9
Let z(q) = -q + 9. Let o be z(6). Suppose -323 + 125 = -o*y. Calculate the highest common factor of y and 6.
6
Let j(z) = -z + 22. Let y be j(12). Suppose -2*b - 2*l + 26 = 0, 6*l = b + 4*l - y. Calculate the highest common factor of 18 and b.
6
Suppose 0 = 3*c - 71 - 46. What is the greatest common factor of c and 39?
39
Suppose -6*m - 6 = -8*m. Suppose 4*a = j + 39, 12 = -3*j - j. What is the greatest common divisor of a and m?
3
Let m be -2 - (-1 - 1) - -15. Calculate the greatest common factor of 5 and m.
5
Suppose -2*r + 20 = 2*r. Suppose -2*j + 6 = 0, 0*z + r*j = -3*z + 33. What is the greatest common factor of z and 18?
6
Let l(w) be the third derivative of -w**4/8 + w**3/3 - 3*w**2. Let v be l(-3). What is the greatest common factor of v and 44?
11
Suppose c - 12 = -4*o, 3*o - c - 8 - 8 = 0. What is the greatest common divisor of o and 1?
1
Suppose 0*t - 3*t + 27 = 0. Calculate the greatest common factor of t and 9.
9
Suppose -6 = 3*r - 3*g - 3, r = -g - 5. Let o be (-1 - r - 3) + 6. What is the highest common factor of 20 and o?
5
Suppose -3*r + 424 = 154. What is the highest common factor of 10 and r?
10
Suppose 5*v - 2*v = -492. Let j = -114 - v. Calculate the highest common factor of 10 and j.
10
Let t(n) = -135*n**3 + n**2 - 1. Let r be t(-1). Suppose i - 11 = -2*h - 2*h, 4*h = -4. What is the greatest common factor of r and i?
15
Let m be (20/(-12))/(1/(-3)). Let i(n) = -n**3 + 6*n**2 + n - 1. Let o be i(6). Calculate the greatest common factor of m and o.
5
Let x(z) = 9*z**3 + z**2 + z - 1. Let g be x(1). Suppose 100 = t + 3*t. Let l = t + -5. Calculate the greatest common factor of g and l.
10
Let f(o) = 17*o**3 - 2*o**2 + 2*o - 4. Let r be f(2). What is the greatest common factor of 16 and r?
16
Suppose 5*n = 10 + 5. Calculate the highest common divisor of 6 and n.
3
Let s be (-2)/6 + (-24)/(-18). Calculate the greatest common divisor of s and 2.
1
Let v be 52 - (-2 + (1 - -1)). Suppose 2*o - 4*o + v = 0. Suppose 0*i + 5*t = 3*i - 66, i - 3*t - o = 0. What is the greatest common divisor of i and 136?
17
Let b(i) = -3*i - 5. Let m be b(-20). What is the greatest common divisor of 11 and m?
11
Suppose 10 = 3*f + 1. Suppose 25 = -5*i + 40. Calculate the highest common factor of i and f.
3
Let w be (-1 - 0) + (-58)/(-2). Calculate the greatest common factor of w and 70.
14
Let g(y) = -y**2 + 7*y - 9. Let o be g(4). Suppose 87 = 5*d + 4*p, -o*p + p = -d + 9. Calculate the greatest common factor of d and 6.
3
Let z be -3 + (-2 + 2 - 0). Let p = z + 11. What is the greatest common factor of p and 40?
8
Suppose 0 = 5*g - 25, v + 100 = 6*v + 2*g. What is the greatest common divisor of 198 and v?
18
Suppose 0 = 4*x + 5*p + 6, 3*x - 1 - 8 = 3*p. Let m(n) = n**3 + 13*n**2 + 11*n - 11. Let f be m(-12). What is the highest common divisor of x and f?
1
Suppose 2*h + 0*h = -2*d + 6, -7 = -d + 3*h. Suppose 8*a = d*a + 180. What is the greatest common factor of 9 and a?
9
Let g be 1*-27*(-2 + 1). Suppose 3*t + 4*i - 14 = t, -g = -5*t - 2*i. What is the highest common divisor of t and 45?
5
Let s(l) = -23*l - 1. Let t be s(-1). Calculate the greatest common divisor of t and 88.
22
Suppose -3*h + 2*j - j = -8, -5*h + 14 = -j. Let s = -15 - -18. Suppose s + 3 = 3*v. Calculate the greatest common factor of v and h.
1
Suppose 0*t + 52 = 3*c + t, 3*c - 3*t = 36. Let p = 29 + -21. Calculate the highest common factor of c and p.
8
Let m(a) = a**2 - a. Let g be m(-3). Let w = g + -30. Let f = 41 + w. What is the greatest common divisor of 184 and f?
23
Let p(j) = 20*j**2 - j - 1. Let a be p(-1). Let x be ((-10)/8)/(1/(-80)). Let w be x - (0 + 0/(-4)). What is the highest common divisor of a and w?
20
Let y(n) = -5*n**2 - 2*n + 1. Let x = 7 - 9. Let u be y(x). Let h = u - -78. What is the highest common factor of h and 7?
7
Suppose -4*c = -2*y - y - 21, -5*c = -y - 29. 